rs of b.
5, 19
Let j(y) = 81*y - 66. List the prime factors of j(9).
3, 13, 17
Suppose 2*w = 4*m + 56, 20*w + 92 = 22*w + 5*m. List the prime factors of w.
2, 3
Let n = 8 - 5. What are the prime factors of 53/(-4 - (n - 8))?
53
Let i(r) = -197*r + 1. Let p be i(1). Let w = -107 - p. What are the prime factors of w?
89
Suppose 9*c = 4*c + 10. Let x(b) = -4*b**2 + 45 - 29 + 3*b**c - 18*b. What are the prime factors of x(-17)?
3, 11
Suppose -548*k - 7707 = -555*k. What are the prime factors of k?
3, 367
Suppose 57 = -4*g - 5*h, -3 = 2*h - 1. Let n = g - -83. What are the prime factors of n?
2, 5, 7
Let b(i) = i**2 - 17*i - 13. Let r be b(18). Suppose 5*h + 3*c - 771 = 0, -2*c = -3*h + r*h - 306. What are the prime factors of h?
2, 3, 13
Let a be -2 + (9/3 - 14). Let x(c) = -c**2 - 18*c - 10. What are the prime factors of x(a)?
5, 11
Let a be (-33)/(-55) - (-2556)/15. Let x = 253 - a. What are the prime factors of x?
2, 41
Suppose 7*f - 1258 - 1255 = 0. Suppose 0 = -5*g + g + v + f, -106 = -g - 3*v. List the prime factors of g.
7, 13
Let o(b) = -2*b + 5. Let q be o(6). What are the prime factors of (q/3)/(22/(-726))?
7, 11
Let t(n) be the third derivative of 1/12*n**4 - 2*n**2 + 0*n - 13/6*n**3 + 0. List the prime factors of t(13).
13
Let o(h) = 44*h - 76. List the prime factors of o(6).
2, 47
Suppose 8*n - 12*n = -24. Let o(g) = -2*g**3 - 6*g**2 + 1. Let x(l) = l**3 + l - 1. Let v(u) = o(u) + 3*x(u). What are the prime factors of v(n)?
2
Let o(c) = -14*c - 1. Let x be o(1). Suppose 3*v + 0*v = -102. Let g = x - v. List the prime factors of g.
19
Let w(g) = -g**2 - 6*g - 10. Let o be w(6). Let h = 392 + o. What are the prime factors of h?
2, 5, 31
Let z be 11/(-2) + 238/(-68). Let b(m) = 0*m - 8*m - 3*m + 5 - m**2. List the prime factors of b(z).
23
Let j(v) = 6*v**2 + 10*v + 16. Let w be j(-2). What are the prime factors of ((-3)/(-4))/((-5)/w) + 15?
2, 3
Let l(c) = 25*c**2 - 19*c - 2. List the prime factors of l(-4).
2, 3, 79
Let j = 532 + 53. What are the prime factors of j?
3, 5, 13
Let t(g) = -4*g**3 - 2*g**2 + 1. Suppose -1 = 3*z - 2*z. Let y be t(z). Let w = y - -4. List the prime factors of w.
7
Let b be 8/(-36) - (-210)/(-27). List the prime factors of (b - -8) + 60 + 2.
2, 31
Let k = 94 + -168. Suppose 4*m + 202 = -2*j, 5*m = 11 - 6. Let d = k - j. What are the prime factors of d?
29
Let z(d) = 356*d + 19. Let q(r) = 237*r + 13. Let m(w) = -8*q(w) + 5*z(w). List the prime factors of m(-2).
223
Let h(y) = 56*y**2 - 11*y - 16. List the prime factors of h(4).
2, 11, 19
Suppose -3*a + 8*a = 0. Suppose a = 5*o - 49 - 286. List the prime factors of o.
67
Let w = -1089 + 2559. List the prime factors of w.
2, 3, 5, 7
Let p(v) = 8*v**2 + 6*v - 16. Let s be p(-9). Suppose 5*d - s = -8. List the prime factors of d.
2, 3, 19
Let l = -164 + 306. List the prime factors of l.
2, 71
List the prime factors of (3/(-4))/(219/(-18104)).
2, 31
Let f = 1187 + -134. What are the prime factors of f?
3, 13
Suppose 5*x - 1292 = 1488. What are the prime factors of 1 + (-5)/((-10)/x)?
3, 31
Let f(w) = 3*w**3 - 9*w**2 + 21*w + 17. Let k(m) = m**3 + m - 1. Let c(i) = -f(i) + 4*k(i). What are the prime factors of c(-10)?
7
What are the prime factors of (-31)/(341/66)*227/(-2)?
3, 227
Let x = -6 + 11. Let k be 7 - (1*-2)/(-1). Suppose -d = x*g - 20, -2*g = -d + k*d - 26. List the prime factors of d.
5
Suppose -2*q = w + 72, 2*w + 5*q = 3*w + 93. Let y = 135 + w. List the prime factors of y.
3, 19
Suppose t - 256 = -4*i - t, -2*i = -t - 136. Let g = 109 - i. Suppose q - g = -4*q - z, 35 = 5*q + 5*z. List the prime factors of q.
3
Let d = 29 - 26. Suppose d - 11 = -2*n, -4*c + n + 4 = 0. Suppose -x + 54 = -3*a, 5*x - c*a + 5*a = 216. What are the prime factors of x?
3, 5
Suppose 2747 + 1189 = 12*d. What are the prime factors of d?
2, 41
Suppose -16*t + 23273 - 9289 = 0. List the prime factors of t.
2, 19, 23
Let j(g) = 11*g**3 - 14*g**2 + 20*g - 5. List the prime factors of j(8).
67, 73
Let r be (24/16)/((-3)/44). Let v = r - -88. What are the prime factors of v?
2, 3, 11
Let s(d) = -8*d + 7. Let n be s(6). Let g = -25 - n. What are the prime factors of g?
2
Let l = -1645 + 2809. List the prime factors of l.
2, 3, 97
Let i = 2615 + -1614. List the prime factors of i.
7, 11, 13
Suppose -3*t + 49 = -t - 3*z, 3*t - 72 = 4*z. Suppose 0 = -3*s + 3*c + t + 760, -s - c + 258 = 0. What are the prime factors of s?
7, 37
Let r be 24/15*45/6. Let c be 6/5*5/2. Suppose r = c*i - 63. What are the prime factors of i?
5
Suppose 4*k - 5855 = t, -117*t + 114*t + 1454 = k. What are the prime factors of k?
7, 11, 19
Let g = -356 + 601. List the prime factors of g.
5, 7
Suppose 4*z - 2148 = -4*m, -3*m - 2169 = -18*z + 14*z. What are the prime factors of z?
2, 3, 5
Let y = 1993 - 804. List the prime factors of y.
29, 41
Suppose 33040 = 127*m - 111*m. What are the prime factors of m?
5, 7, 59
Suppose -j = -6*j + 5. Suppose r = -j - 3. Let m(u) = -7*u - 8. What are the prime factors of m(r)?
2, 5
Let r = 0 + 369. List the prime factors of r.
3, 41
Suppose 2*u + 18 = 3*c, -2*c - 4*u = -16 + 4. Let r be 18/5 + c/(-10). Suppose 4*w - 4 = v, -2 = r*v - 5*w - 4. List the prime factors of v.
2
List the prime factors of 21/56 + (-41338)/(-16).
2, 17, 19
Suppose -4 = 2*j + 8. Let c(i) = -i**2 + 17*i - 46. Let a be c(14). Let d = a - j. What are the prime factors of d?
2
Let h = -1301 - -2719. List the prime factors of h.
2, 709
Let s = 56 - 40. Let v = 75 + -48. Let p = v - s. List the prime factors of p.
11
Suppose 3*j + 1 = -n + 3, -5*n - 2 = 3*j. Let d be n/(-2)*2 + -172. List the prime factors of (-1)/4 - d/12.
2, 7
Let v(w) = 2*w**2 - 3*w + w**2 + 0*w**2 + 2. What are the prime factors of v(5)?
2, 31
Suppose 3232 + 5582 = 13*k. List the prime factors of k.
2, 3, 113
Let z = 191 - 365. List the prime factors of (0 + z/4)*(-4)/3.
2, 29
Let g be 6 + 12372/30 - (-4)/(-10). Let b = 672 - g. List the prime factors of b.
2, 127
Suppose 4*d = 2*s + 1586, -4*d - 4*s + 1568 = -0*s. List the prime factors of d.
5, 79
Suppose 0 = o - 1296 - 24. Suppose -12*f + o = -7*f. List the prime factors of f.
2, 3, 11
Let h = 3870 - 2191. List the prime factors of h.
23, 73
Let u = 0 - 24. Let l = 29 + u. Suppose 4*a = -b - 0*b + 85, l*a = -3*b + 108. List the prime factors of a.
3, 7
Let u be 152 - 1*(2 + -4). Let z = u + -61. What are the prime factors of z?
3, 31
Let c(i) = -2*i**2 - 4*i + 7. Let f be c(-7). Let h be f - ((-6)/2 + 5). Let n = h + 119. What are the prime factors of n?
2, 3
Let m = 172 - -136. What are the prime factors of m?
2, 7, 11
Let z = -54 - -153. List the prime factors of z + -3 - (-2 - -1 - -2).
5, 19
Let k = -213 + 223. What are the prime factors of k?
2, 5
Let k(g) = -25*g + 1. Let u be k(1). Let p = u + 30. Suppose -5*r - 4*a = -230, p*a - 5*a + 5 = 0. What are the prime factors of r?
2, 5
Suppose -49*u = -36*u - 1989. What are the prime factors of u?
3, 17
Let l = 2239 - 1068. What are the prime factors of l?
1171
Let a(s) = -4*s**2 + 5*s + 2. Let t be a(3). Let d = -81 - t. Let r = -33 - d. List the prime factors of r.
29
Let c be (0 - 40)*(12/16 + 0). Let g = 60 - 15. Let l = c + g. List the prime factors of l.
3, 5
Let h(o) = -6*o - 4 + 1 - 23 + 12 + o**2. What are the prime factors of h(14)?
2, 7
Let w(m) be the second derivative of m**5/60 + m**4/4 - 5*m**3/6 + 7*m**2/2 + 7*m. Let h(z) be the first derivative of w(z). What are the prime factors of h(4)?
5, 7
Suppose -3*m + 5*h = 4*h - 8, 5*h + 10 = 5*m. Suppose -342 = -m*u - 0*u. List the prime factors of u.
2, 3, 19
Let d(q) = -5*q**3 - q**2 + 4*q + 7. Let u be d(-3). Suppose 0 = 5*a + 5*l - u - 149, -a + 5*l = -84. What are the prime factors of a?
59
Let d = -503 - -935. List the prime factors of d.
2, 3
Let y(x) = x**2 + 2*x - 19. Let m be y(-7). Let j = 68 - m. What are the prime factors of j?
2, 13
Suppose c + 5*s = 5426, -3*s = s. List the prime factors of c.
2, 2713
Let l be 3220/40 + 1/(-2) + 0. Let t = l + -19. What are the prime factors of t?
61
Let c(z) be the first derivative of z**4/2 + 2*z**3/3 - 3*z**2/2 + 5*z - 43. List the prime factors of c(4).
3, 17
What are the prime factors of ((-178)/10 - 3)/(2/(-10))?
2, 13
Let h = 30 - -6. Suppose 336 = -15*i - i. Let l = h + i. What are the prime factors of l?
3, 5
Let j